 thousands digit of 69020841?
0
What is the tens digit of 390744756?
5
What is the hundred thousands digit of 487681727?
6
What is the hundred thousands digit of 23759046?
7
What is the ten millions digit of 32543384?
3
What is the millions digit of 5119687804?
9
What is the millions digit of 188232006?
8
What is the hundreds digit of 6321511?
5
What is the millions digit of 4688754142?
8
What is the tens digit of 40938493?
9
What is the hundreds digit of 607498888?
8
What is the ten millions digit of 6766099910?
6
What is the ten millions digit of 159418521?
5
What is the tens digit of 5124267?
6
What is the units digit of 123906762?
2
What is the hundred millions digit of 633183095?
6
What is the ten thousands digit of 248098174?
9
What is the hundreds digit of 4657298747?
7
What is the units digit of 995878888?
8
What is the thousands digit of 21504688?
4
What is the hundred thousands digit of 5042284020?
2
What is the millions digit of 40940146?
0
What is the tens digit of 268398533?
3
What is the ten millions digit of 259604861?
5
What is the ten millions digit of 606771951?
0
What is the units digit of 44984967?
7
What is the tens digit of 893660392?
9
What is the hundred millions digit of 118130471?
1
What is the thousands digit of 4562312971?
2
What is the ten millions digit of 127845089?
2
What is the ten millions digit of 55515863?
5
What is the ten thousands digit of 20913253?
1
What is the hundreds digit of 601291168?
1
What is the tens digit of 143670631?
3
What is the ten thousands digit of 18157574?
5
What is the tens digit of 34022736?
3
What is the units digit of 510796730?
0
What is the tens digit of 7153694?
9
What is the hundred thousands digit of 17308865?
3
What is the hundred thousands digit of 89399392?
3
What is the hundreds digit of 1065551957?
9
What is the thousands digit of 83923937?
3
What is the tens digit of 8421284?
8
What is the ten millions digit of 25097191?
2
What is the ten millions digit of 966437413?
6
What is the ten thousands digit of 1599311499?
1
What is the millions digit of 1864029712?
4
What is the hundred thousands digit of 524725339?
7
What is the ten thousands digit of 803707303?
0
What is the ten thousands digit of 750114188?
1
What is the units digit of 112474058?
8
What is the hundred millions digit of 856155105?
8
What is the tens digit of 195803749?
4
What is the thousands digit of 833928?
3
What is the ten thousands digit of 19872561?
7
What is the ten thousands digit of 13655659?
5
What is the hundred thousands digit of 50277220?
2
What is the millions digit of 2008508200?
8
What is the tens digit of 245930564?
6
What is the units digit of 33708200?
0
What is the ten thousands digit of 22936991?
3
What is the hundred millions digit of 306634553?
3
What is the billions digit of 1788559645?
1
What is the units digit of 1329000248?
8
What is the thousands digit of 4992152855?
2
What is the units digit of 1025260278?
8
What is the hundreds digit of 598123427?
4
What is the millions digit of 121942377?
1
What is the tens digit of 28954064?
6
What is the units digit of 58204871?
1
What is the ten thousands digit of 448139077?
3
What is the hundred thousands digit of 42970365?
9
What is the tens digit of 14849173?
7
What is the ten millions digit of 371218656?
7
What is the hundred millions digit of 140750228?
1
What is the hundreds digit of 15640637?
6
What is the ten thousands digit of 39720453?
2
What is the hundred thousands digit of 195410907?
4
What is the hundred thousands digit of 4448496443?
4
What is the ten millions digit of 67517311?
6
What is the hundred thousands digit of 83183904?
1
What is the ten thousands digit of 857354668?
5
What is the tens digit of 150438553?
5
What is the tens digit of 153586629?
2
What is the thousands digit of 167595062?
5
What is the ten millions digit of 1046501308?
4
What is the hundred millions digit of 875077745?
8
What is the millions digit of 12203594?
2
What is the hundred millions digit of 2708950214?
7
What is the hundred thousands digit of 5800395?
8
What is the ten thousands digit of 1094984438?
8
What is the hundred millions digit of 290136221?
2
What is the hundreds digit of 226117586?
5
What is the hundred thousands digit of 82427614?
4
What is the ten thousands digit of 332812077?
1
What is the units digit of 11519563?
3
What is the thousands digit of 127201130?
1
What is the ten thousands digit of 173045939?
4
What is the ten thousands digit of 3593506789?
0
What is the hundreds digit of 118271148?
1
What is the millions digit of 174099530?
4
What is the hundred thousands digit of 662606349?
6
What is the millions digit of 2579385227?
9
What is the hundreds digit of 394455928?
9
What is the units digit of 47477777?
7
What is the ten millions digit of 359232109?
5
What is the millions digit of 184110166?
4
What is the thousands digit of 26706150?
6
What is the hundred thousands digit of 1273252383?
2
What is the millions digit of 2100299347?
0
What is the thousands digit of 33212619?
2
What is the billions digit of 3585139796?
3
What is the thousands digit of 749364127?
4
What is the thousands digit of 41794311?
4
What is the tens digit of 12954494?
9
What is the tens digit of 52614503?
0
What is the ten millions digit of 42455414?
4
What is the millions digit of 68068014?
8
What is the hundred thousands digit of 859886394?
8
What is the millions digit of 3704257425?
4
What is the ten thousands digit of 67315977?
1
What is the ten thousands digit of 2126337083?
3
What is the thousands digit of 631168534?
8
What is the thousands digit of 199311615?
1
What is the millions digit of 3573996614?
3
What is the billions digit of 3130781582?
3
What is the hundred millions digit of 266494186?
2
What is the billions digit of 3945834342?
3
What is the ten thousands digit of 18708247?
0
What is the thousands digit of 6905791532?
1
What is the hundreds digit of 178078067?
0
What is the thousands digit of 102807314?
7
What is the units digit of 73612091?
1
What is the billions digit of 2156139531?
2
What is the hundreds digit of 26586305?
3
What is the ten thousands digit of 435823866?
2
What is the millions digit of 67449830?
7
What is the hundred thousands digit of 56115327?
1
What is the tens digit of 233855997?
9
What is the thousands digit of 34605142?
5
What is the hundreds digit of 52198564?
5
What is the ten thousands digit of 82148346?
4
What is the tens digit of 2297782409?
0
What is the tens digit of 1114330730?
3
What is the hundred thousands digit of 2105275111?
2
What is the ten millions digit of 17527711?
1
What is the hundreds digit of 99755402?
4
What is the thousands digit of 2897569384?
9
What is the tens digit of 424267722?
2
What is the thousands digit of 119891008?
1
What is the ten thousands digit of 284102412?
0
What is the hundred millions digit of 401368220?
4
What is the billions digit of 2453138696?
2
What is the hundreds digit of 213167874?
8
What is the hundreds digit of 189071795?
7
What is the thousands digit of 82700187?
0
What is the thousands digit of 668063570?
3
What is the ten thousands digit of 1663623078?
2
What is the thousands digit of 481661147?
1
What is the hundreds digit of 68098232?
2
What is the hundred thousands digit of 2700669621?
6
What is the hundreds digit of 3038792351?
3
What is the units digit of 121327744?
4
What is the hundred thousands digit of 337652997?
6
What is the hundred thousands digit of 201457143?
4
What is the millions digit of 4413507869?
3
What is the units digit of 52907625?
5
What is the ten thousands digit of 389765433?
6
What is the units digit of 358528673?
3
What is the hundred thousands digit of 5495246833?
2
What is the millions digit of 7690403432?
0
What is the units digit of 46709219?
9
What is the tens digit of 114077903?
0
What is the ten thousands digit of 5784094?
8
What is the hundred thousands digit of 2342890523?
8
What is the tens digit of 785174245?
4
What is the ten millions digit of 2665951603?
6
What is the ten millions digit of 34586696?
3
What is the ten thousands digit of 299655936?
5
What is the hundred thousands digit of 304975864?
9
What is the hundred millions digit of 120819236?
1
What is the ten millions digit of 23358798?
2
What is the tens di